{"id":52,"date":"2019-03-09T13:33:54","date_gmt":"2019-03-09T13:33:54","guid":{"rendered":"http:\/\/automobilklub.opole.pl\/newsite\/?page_id=52"},"modified":"2024-06-10T19:13:53","modified_gmt":"2024-06-10T18:13:53","slug":"wladze","status":"publish","type":"page","link":"https:\/\/automobilklub.opole.pl\/newsite\/wladze\/","title":{"rendered":"Zarz\u0105d"},"content":{"rendered":"\n<p><strong>Zarz\u0105d Automobilklubu Opolskiego kadencji 2023-2027<\/strong><\/p>\n\n\n\n<p>Gra\u017cyna Kapa\u0142ka &#8211; Prezes Zarz\u0105du<br>Marcin Moczarski &#8211; Wiceprezes Zarz\u0105du<br>Bo\u017cena Koby\u0142kiewicz &#8211; Skarbnik Zarz\u0105du<br>Patrycja Kasperek &#8211; Cz\u0142onek Zarz\u0105du<\/p>\n\n\n\n<p><strong>Komisja Rewizyjna kadencji 2023-2027<\/strong><\/p>\n\n\n\n<p>Krystyna Dulska<br>Micha\u0142 Gnie\u017adziuch<br>Agnieszka Mencel<br>Ma\u0142gorzata Ptak<br>Piotr Stalmach<\/p>\n","protected":false},"excerpt":{"rendered":"<p>Zarz\u0105d Automobilklubu Opolskiego kadencji 2023-2027 Gra\u017cyna Kapa\u0142ka &#8211; Prezes Zarz\u0105duMarcin Moczarski &#8211; Wiceprezes Zarz\u0105duBo\u017cena Koby\u0142kiewicz &#8211; Skarbnik Zarz\u0105duPatrycja Kasperek &#8211; Cz\u0142onek Zarz\u0105du Komisja Rewizyjna kadencji 2023-2027 Krystyna DulskaMicha\u0142 Gnie\u017adziuchAgnieszka MencelMa\u0142gorzata PtakPiotr Stalmach<\/p>\n","protected":false},"author":1,"featured_media":0,"parent":0,"menu_order":0,"comment_status":"closed","ping_status":"closed","template":"","meta":{"footnotes":""},"class_list":["post-52","page","type-page","status-publish","hentry"],"_links":{"self":[{"href":"https:\/\/automobilklub.opole.pl\/newsite\/wp-json\/wp\/v2\/pages\/52","targetHints":{"allow":["GET"]}}],"collection":[{"href":"https:\/\/automobilklub.opole.pl\/newsite\/wp-json\/wp\/v2\/pages"}],"about":[{"href":"https:\/\/automobilklub.opole.pl\/newsite\/wp-json\/wp\/v2\/types\/page"}],"author":[{"embeddable":true,"href":"https:\/\/automobilklub.opole.pl\/newsite\/wp-json\/wp\/v2\/users\/1"}],"replies":[{"embeddable":true,"href":"https:\/\/automobilklub.opole.pl\/newsite\/wp-json\/wp\/v2\/comments?post=52"}],"version-history":[{"count":21,"href":"https:\/\/automobilklub.opole.pl\/newsite\/wp-json\/wp\/v2\/pages\/52\/revisions"}],"predecessor-version":[{"id":1394,"href":"https:\/\/automobilklub.opole.pl\/newsite\/wp-json\/wp\/v2\/pages\/52\/revisions\/1394"}],"wp:attachment":[{"href":"https:\/\/automobilklub.opole.pl\/newsite\/wp-json\/wp\/v2\/media?parent=52"}],"curies":[{"name":"wp","href":"https:\/\/api.w.org\/{rel}","templated":true}]}}