{"id":355,"date":"2020-03-24T19:44:59","date_gmt":"2020-03-24T18:44:59","guid":{"rendered":"https:\/\/automobilklub.opole.pl\/newsite\/?page_id=355"},"modified":"2020-06-01T22:28:31","modified_gmt":"2020-06-01T21:28:31","slug":"sprzet","status":"publish","type":"page","link":"https:\/\/automobilklub.opole.pl\/newsite\/sprzet\/","title":{"rendered":"Wynajem"},"content":{"rendered":"\n<p>Automobilklub Opolski oferuje do wynaj\u0119cia sprz\u0119t niezb\u0119dny przy organizacji imprez. <\/p>\n\n\n\n<ul class=\"wp-block-list\"><li>P\u0142oty metalowe ile\u015btam mb. 3,5 m x 1,2 m,<\/li><li>Zestaw pomiaru czasu. Opcjonalnie z wynikami on-line (wynajem tylko z obs\u0142ug\u0105),<\/li><li>Tablice LED ile\u015b tam cm na ile\u015b cm<\/li><li>Kamizelki dla s\u0119dzi\u00f3w,<\/li><li>Sygnalizatory \u015bwietlno-d\u017awi\u0119kowe,<\/li><li>Brama startowa &#8211; dmuchana,<\/li><li>Namiot &#8222;Paj\u0105k&#8221;.<\/li><\/ul>\n\n\n\n<p>Ponadto Automobilklub posiada do wynaj\u0119cia pomieszczenia:<\/p>\n\n\n\n<ul class=\"wp-block-list\"><li>pomieszczenie 16m2,<\/li><\/ul>\n\n\n\n<figure class=\"wp-block-image size-large\"><img loading=\"lazy\" decoding=\"async\" width=\"1024\" height=\"485\" src=\"https:\/\/automobilklub.opole.pl\/newsite\/wp-content\/uploads\/2020\/06\/pomieszczenie-lewe-1024x485.jpg\" alt=\"\" class=\"wp-image-457\" srcset=\"https:\/\/automobilklub.opole.pl\/wp-content\/uploads\/2020\/06\/pomieszczenie-lewe-1024x485.jpg 1024w, https:\/\/automobilklub.opole.pl\/wp-content\/uploads\/2020\/06\/pomieszczenie-lewe-300x142.jpg 300w, https:\/\/automobilklub.opole.pl\/wp-content\/uploads\/2020\/06\/pomieszczenie-lewe-768x364.jpg 768w, https:\/\/automobilklub.opole.pl\/wp-content\/uploads\/2020\/06\/pomieszczenie-lewe-1536x728.jpg 1536w, https:\/\/automobilklub.opole.pl\/wp-content\/uploads\/2020\/06\/pomieszczenie-lewe.jpg 1599w\" sizes=\"auto, (max-width: 1024px) 100vw, 1024px\" \/><\/figure>\n\n\n\n<ul class=\"wp-block-list\"><li>pomieszczenie 16m2,<\/li><li>sal\u0119 konferencyjn\u0105 &#8211; 100 m2 &#8211; r\u00f3wnie\u017c &#8222;na godziny&#8221;.<\/li><\/ul>\n\n\n\n<p>Wszelkie informacje na temat cen uzyskacie Pa\u0144stwo telefonicznie. <\/p>\n","protected":false},"excerpt":{"rendered":"<p>Automobilklub Opolski oferuje do wynaj\u0119cia sprz\u0119t niezb\u0119dny przy organizacji imprez. P\u0142oty metalowe ile\u015btam mb. 3,5 m x 1,2 m, Zestaw pomiaru czasu. Opcjonalnie z wynikami on-line (wynajem tylko z obs\u0142ug\u0105), Tablice LED ile\u015b tam cm na ile\u015b cm Kamizelki dla s\u0119dzi\u00f3w, Sygnalizatory \u015bwietlno-d\u017awi\u0119kowe, Brama startowa &#8211; dmuchana, Namiot &#8222;Paj\u0105k&#8221;. Ponadto Automobilklub posiada do wynaj\u0119cia pomieszczenia:<span class=\"post-excerpt-end\">&hellip;<\/span><\/p>\n<p class=\"more-link\"><a href=\"https:\/\/automobilklub.opole.pl\/newsite\/sprzet\/\" class=\"themebutton\">Read More<\/a><\/p>\n","protected":false},"author":1,"featured_media":0,"parent":0,"menu_order":0,"comment_status":"closed","ping_status":"closed","template":"","meta":{"footnotes":""},"class_list":["post-355","page","type-page","status-publish","hentry"],"_links":{"self":[{"href":"https:\/\/automobilklub.opole.pl\/newsite\/wp-json\/wp\/v2\/pages\/355","targetHints":{"allow":["GET"]}}],"collection":[{"href":"https:\/\/automobilklub.opole.pl\/newsite\/wp-json\/wp\/v2\/pages"}],"about":[{"href":"https:\/\/automobilklub.opole.pl\/newsite\/wp-json\/wp\/v2\/types\/page"}],"author":[{"embeddable":true,"href":"https:\/\/automobilklub.opole.pl\/newsite\/wp-json\/wp\/v2\/users\/1"}],"replies":[{"embeddable":true,"href":"https:\/\/automobilklub.opole.pl\/newsite\/wp-json\/wp\/v2\/comments?post=355"}],"version-history":[{"count":9,"href":"https:\/\/automobilklub.opole.pl\/newsite\/wp-json\/wp\/v2\/pages\/355\/revisions"}],"predecessor-version":[{"id":460,"href":"https:\/\/automobilklub.opole.pl\/newsite\/wp-json\/wp\/v2\/pages\/355\/revisions\/460"}],"wp:attachment":[{"href":"https:\/\/automobilklub.opole.pl\/newsite\/wp-json\/wp\/v2\/media?parent=355"}],"curies":[{"name":"wp","href":"https:\/\/api.w.org\/{rel}","templated":true}]}}